{"id":6392,"date":"2023-07-17T16:31:36","date_gmt":"2023-07-17T20:01:36","guid":{"rendered":"https:\/\/b-ludenim-jeans.com\/?post_type=product&#038;p=6392"},"modified":"2025-01-09T15:08:45","modified_gmt":"2025-01-09T18:38:45","slug":"short-mom-rigido-nevado-super-desflecado","status":"publish","type":"product","link":"https:\/\/b-ludenim-jeans.com\/?product=short-mom-rigido-nevado-super-desflecado","title":{"rendered":"Short mom r\u00edgido nevado s\u00faper desflecado"},"content":{"rendered":"","protected":false},"excerpt":{"rendered":"<p>Short mom r\u00edgido nevado s\u00faper desflecado<\/p>\n","protected":false},"featured_media":6394,"comment_status":"open","ping_status":"closed","template":"","meta":{"_joinchat":[]},"product_brand":[],"product_cat":[148],"product_tag":[],"class_list":{"0":"post-6392","1":"product","2":"type-product","3":"status-publish","4":"has-post-thumbnail","6":"product_cat-shorts","8":"first","9":"instock","10":"shipping-taxable","11":"purchasable","12":"product-type-variable"},"_links":{"self":[{"href":"https:\/\/b-ludenim-jeans.com\/index.php?rest_route=\/wp\/v2\/product\/6392","targetHints":{"allow":["GET"]}}],"collection":[{"href":"https:\/\/b-ludenim-jeans.com\/index.php?rest_route=\/wp\/v2\/product"}],"about":[{"href":"https:\/\/b-ludenim-jeans.com\/index.php?rest_route=\/wp\/v2\/types\/product"}],"replies":[{"embeddable":true,"href":"https:\/\/b-ludenim-jeans.com\/index.php?rest_route=%2Fwp%2Fv2%2Fcomments&post=6392"}],"wp:featuredmedia":[{"embeddable":true,"href":"https:\/\/b-ludenim-jeans.com\/index.php?rest_route=\/wp\/v2\/media\/6394"}],"wp:attachment":[{"href":"https:\/\/b-ludenim-jeans.com\/index.php?rest_route=%2Fwp%2Fv2%2Fmedia&parent=6392"}],"wp:term":[{"taxonomy":"product_brand","embeddable":true,"href":"https:\/\/b-ludenim-jeans.com\/index.php?rest_route=%2Fwp%2Fv2%2Fproduct_brand&post=6392"},{"taxonomy":"product_cat","embeddable":true,"href":"https:\/\/b-ludenim-jeans.com\/index.php?rest_route=%2Fwp%2Fv2%2Fproduct_cat&post=6392"},{"taxonomy":"product_tag","embeddable":true,"href":"https:\/\/b-ludenim-jeans.com\/index.php?rest_route=%2Fwp%2Fv2%2Fproduct_tag&post=6392"}],"curies":[{"name":"wp","href":"https:\/\/api.w.org\/{rel}","templated":true}]}}